ate the remainder when 3348471 is divided by 2616.
2607
Calculate the remainder when 388233 is divided by 97008.
201
Calculate the remainder when 4502688 is divided by 280.
8
Calculate the remainder when 662234 is divided by 66203.
204
What is the remainder when 1179216 is divided by 130923?
909
Calculate the remainder when 95850 is divided by 4723.
1390
Calculate the remainder when 556641 is divided by 22263.
66
Calculate the remainder when 349543 is divided by 4064.
39
Calculate the remainder when 97169627 is divided by 907.
903
What is the remainder when 1244546 is divided by 24?
2
What is the remainder when 483116 is divided by 120656?
492
Calculate the remainder when 341330 is divided by 3314.
3302
Calculate the remainder when 85695 is divided by 85566.
129
What is the remainder when 2845523 is divided by 2845495?
28
Calculate the remainder when 306794080 is divided by 4447.
4444
Calculate the remainder when 17466156 is divided by 16.
12
Calculate the remainder when 9787867 is divided by 2.
1
Calculate the remainder when 94792 is divided by 997.
77
Calculate the remainder when 6637399 is divided by 38366.
81
Calculate the remainder when 10627279 is divided by 11024.
143
What is the remainder when 3970879 is divided by 2614?
213
Calculate the remainder when 2744224 is divided by 1062.
16
Calculate the remainder when 667212 is divided by 775.
712
Calculate the remainder when 122527 is divided by 1465.
932
What is the remainder when 297088 is divided by 3879?
2284
What is the remainder when 32742 is divided by 10347?
1701
Calculate the remainder when 1408000 is divided by 2260.
20
Calculate the remainder when 168810 is divided by 41408.
3178
What is the remainder when 17767701 is divided by 201905?
61
What is the remainder when 1223900 is divided by 206?
54
What is the remainder when 15697 is divided by 451?
363
Calculate the remainder when 11869115 is divided by 2967276.
11
What is the remainder when 198217 is divided by 783?
118
What is the remainder when 13796359 is divided by 8532?
115
What is the remainder when 2643332 is divided by 143?
120
Calculate the remainder when 346897 is divided by 340437.
6460
Calculate the remainder when 95740271 is divided by 21323.
1
What is the remainder when 1280060 is divided by 10579?
1
What is the remainder when 3366782 is divided by 17444?
90
What is the remainder when 412666 is divided by 690?
46
What is the remainder when 16151309 is divided by 1615130?
9
Calculate the remainder when 178741787 is divided by 1607.
1605
Calculate the remainder when 1269074 is divided by 167.
41
Calculate the remainder when 1679660805 is divided by 1176.
1173
What is the remainder when 8482194 is divided by 76416?
18
What is the remainder when 27443 is divided by 13004?
1435
What is the remainder when 11408503 is divided by 2281633?
338
Calculate the remainder when 275240 is divided by 2597.
2555
Calculate the remainder when 2466006 is divided by 927.
186
Calculate the remainder when 653222 is divided by 369.
92
Calculate the remainder when 6425269 is divided by 480.
469
What is the remainder when 54011366 is divided by 1199?
13
Calculate the remainder when 378096 is divided by 41991.
177
What is the remainder when 6903646 is divided by 158?
152
Calculate the remainder when 3131649 is divided by 8651.
8638
What is the remainder when 108789 is divided by 36?
33
What is the remainder when 83972597 is divided by 6?
5
What is the remainder when 603506 is divided by 503?
409
Calculate the remainder when 97060 is divided by 2950.
2660
What is the remainder when 21604 is divided by 9741?
2122
Calculate the remainder when 12133142 is divided by 11.
10
What is the remainder when 49628 is divided by 15744?
2396
What is the remainder when 163772 is divided by 10917?
17
What is the remainder when 622106 is divided by 621994?
112
Calculate the remainder when 9298568 is divided by 91.
6
What is the remainder when 272883 is divided by 294?
51
Calculate the remainder when 18768217 is divided by 9436.
13
What is the remainder when 5214873 is divided by 5214726?
147
Calculate the remainder when 1504806 is divided by 1504796.
10
Calculate the remainder when 12382632 is divided by 575.
7
Calculate the remainder when 11367961 is divided by 48581.
7
What is the remainder when 13306091 is divided by 258?
257
Calculate the remainder when 88513 is divided by 1547.
334
Calculate the remainder when 91350 is divided by 126.
0
Calculate the remainder when 605076 is divided by 75596.
308
What is the remainder when 131259 is divided by 1172?
1167
Calculate the remainder when 2689095 is divided by 27.
3
Calculate the remainder when 534157845 is divided by 36.
33
Calculate the remainder when 5102551 is divided by 2865.
2851
What is the remainder when 19449106 is divided by 1944908?
26
Calculate the remainder when 1338 is divided by 291.
174
What is the remainder when 1445655 is divided by 49850?
5
Calculate the remainder when 104688 is divided by 695.
438
What is the remainder when 2004049 is divided by 110?
69
Calculate the remainder when 95524 is divided by 654.
40
What is the remainder when 354051371 is divided by 2661?
2660
What is the remainder when 604536 is divided by 699?
600
What is the remainder when 667957 is divided by 7677?
58
Calculate the remainder when 197635951 is divided by 215.
211
What is the remainder when 34657424 is divided by 11552470?
14
Calculate the remainder when 787286 is divided by 2187.
2153
Calculate the remainder when 7145225 is divided by 397.
19
Calculate the remainder when 1374562 is divided by 319.
310
What is the remainder when 98957 is divided by 144?
29
What is the remainder when 10324580 is divided by 2244?
2180
What is the remainder when 78434 is divided by 540?
134
Calculate the remainder when 456035 is divided by 4701.
38
What is the remainder when 14471013 is divided by 7235504?
5
What is the remainder when 517637 is divided by 22473?
758
Calculate the remainder when 1602185 is divided by 80.
25
Calculate the remainder when 447438 is divided by 1517.
1440
What is the remainder when 328583 is divided by 63?
38
What is the remainder when 423331 is divided by 141068?
127
What is the remainder when 3513565 is divided by 1171187?
4
Calculate the remainder when 33246 is divided by 33185.
61
Calculate the remainder when 49651149 is divided by 25.
24
Calculate the remainder when 272525 is divided by 34041.
197
Calculate the remainder when 342415 is divided by 210.
115
What is the remainder when 7591636 is divided by 17?
14
What is the remainder when 48505520 is divided by 1515797?
16
What is the remainder when 1147531 is divided by 176?
11
What is the remainder when 84779 is divided by 640?
299
What is the remainder when 8015282 is divided by 2671755?
17
Calculate the remainder when 32563873 is divided by 112289.
63
What is the remainder when 78766 is divided by 2390?
2286
What is the remainder when 712268 is divided by 71140?
868
What is the remainder when 714005 is divided by 1407?
656
What is the remainder when 47315426 is divided by 9?
5
Calculate the remainder when 2442995 is divided by 96.
83
Calculate the remainder when 10785707 is divided by 32005.
22
Calculate the remainder when 3606188 is divided by 7722.
14
Calculate the remainder when 13022361 is divided by 542597.
33
Calculate the remainder when 958053139 is divided by 8.
3
Calculate the remainder when 387 is divided by 227.
160
What is the remainder when 2073157 is divided by 6731?
9
Calculate the remainder when 147054 is divided by 73506.
42
Calculate the remainder when 3235813 is divided by 307.
33
Calculate the remainder when 171145 is divided by 254.
203
Calculate the remainder when 14834 is divided by 626.
436
What is the remainder when 13241785 is divided by 1035?
1030
Calculate the remainder when 16103650 is divided by 3826.
16
Calculate the remainder when 1572380312 is divided by 524126770.
2
Calculate the remainder when 2482132 is divided by 16223.
13
What is the remainder when 4415782 is divided by 107?
106
What is the remainder when 3961313 is divided by 731?
24
What is the remainder when 45062 is divided by 21989?
1084
Calculate the remainder when 6259351 is divided by 153.
121
What is the remainder when 24024 is divided by 4630?
874
